Calculate -25 + 7 - 6 - (2 + -4 + -4).
-18
Calculate (-13 + 10 - (4 + 0)) + 45 + -52.
-14
Evaluate -25 + (-12 - -83 - 18).
28
Calculate -32 + (-32 - -64) + -2 + 4 + -18.
-16
(20 - 5 - 11) + (-3 - 1)
0
Calculate -1 + -2 + -11 + 21 - 21.
-14
(-5 - (-13 - -5) - (-1 - 0)) + 1
5
What is (3 - (-1 - 11)) + 95 + -87?
23
Evaluate -44 + 23 - -14 - (1 - 8).
0
(-9 - -18) + -4 - (1 - -1)
3
Evaluate -9 + 30 + -23 + (6 - (3 + -3)).
4
Evaluate 7 + -15 + -2 + -5 + (-4 - -7).
-12
6 + -4 - (5 + 1) - 5
-9
Calculate 25 - (39 - -12 - 21).
-5
Evaluate (65 - 68) + (6 - 2).
1
Evaluate 18 - (-2 + 15 + -4 + -10).
19
What is the value of 22 + 23 + -42 + 3?
6
What is 0 - -18 - (2 + -12 - (-358 + 349))?
19
(-11 + 6 - 5) + 6 - (3 - 0)
-7
Calculate -18 + 37 - 9 - (2 + 2 + 29).
-23
What is -10 + (-3 - (-6 - (15 + -7)))?
1
What is 0 + 17 + -5 + -12?
0
Evaluate 163 - 130 - (-5 - -13).
25
Calculate 19 - (6 + 6 + -11).
18
What is -26 + (1 - -15 - (-74 - -80))?
-16
0 + 7 + (36 - (34 - 2))
11
Evaluate -8 + -2 + -8 + (-5 + 2 - -6).
-15
Calculate 36 + -9 + -9 + -15.
3
Evaluate 59 + -71 + 38 + -6.
20
Evaluate (-18 - (6 + -28) - 3) + -14.
-13
Evaluate (12 - 7) + 7 + -9 + 11.
14
Evaluate 7 + (-4 + -6 + 12 - -5).
14
0 - (4 - 0) - (46 + -6 + -61)
17
What is 13 - (25 - 9 - 4)?
1
Calculate -142 - -150 - ((2 - 0) + 1 + -23).
28
What is the value of 3 - -3 - (8 + 2 + -7 + -4)?
7
Evaluate -28 - (11 + -17) - -29.
7
What is the value of -29 + 0 + 55 - 13?
13
Calculate 43 + -58 + 43 + -3 + -1.
24
-36 + (1 - 4) + -19 + 29 + -4
-33
(-52 + 58 - (-6 + 0)) + (26 - 18)
20
Calculate 3 - (-12 + -16 - -18).
13
Evaluate (-1 + -2 - (-6 + 1)) + (163 - 169).
-4
Calculate 8 - (-17 - -4 - (19 - (-6 + 18))).
28
Evaluate 166 + -148 + (-37 - -3).
-16
Evaluate (0 - 11) + 15 + 2.
6
Calculate 2 - 0 - (-12 + (18 - 5 - -10)).
-9
1 + 5 + (-1 + 8 - 15) + 7
5
What is the value of -12 + -6 - (6 + -19)?
-5
Calculate -18 + 25 + -15 + 14.
6
Evaluate 12 - (-86 - -39 - -40).
19
Evaluate (-2 - 8 - -17) + -18 + -1.
-12
Calculate -2 + -1 + (43 - 46) + (-16 - -2).
-20
What is the value of -12 + -5 + (20 - 2)?
1
What is 35 - (-27 + 22 - -20)?
20
Calculate (-2 - -4) + -1 + (-3 - -6) + -9.
-5
What is the value of (2 + 3 - -1) + (-2 - 10 - -2)?
-4
Calculate -20 + 26 - (-5 - (2 + 3 + -2)).
14
Calculate 3 + -9 - (1 + 3 - (14 + -7)).
-3
-2 + 7 + 1 - (3 - 2 - -29)
-24
(0 - 0) + -12 + 14 + -6 + -3
-7
Evaluate (2 + -3 - (-4 + 7 + -9)) + -3.
2
What is (15 - 3) + -1 - (-122 - -145)?
-12
What is 18 + -6 + (-10 - -13) + -5 + 1?
11
Calculate 18 + (11 - (2 + 6)) + -2.
19
Evaluate 9 - 0 - (1342 - 1343).
10
What is -2 + (-2 - 2) - (5 - 13)?
2
What is the value of 47 + -43 - (-18 - -7 - (0 - 5))?
10
9 + (-26 - -25) - (2 + -4 - 5)
15
What is the value of -1 - 0 - ((12 - (-11 - -17)) + -9)?
2
Calculate -9 - (-1 + 1 + -72 + 65 + 4).
-6
(16 - (13 - 29)) + -10 - (2 - 6)
26
-7 + (15 + -2 - (-5 + 13))
-2
What is the value of (9 + 16 - 42) + -1 + 23?
5
Evaluate 4 + (-15 - (5 - 20)).
4
Calculate (26 - (33 + -18)) + -1 + -2 + 1.
9
What is (13 - 5) + (-1 - 8) + -3 + 1?
-3
What is the value of 31 - (66 - (60 - 35))?
-10
(14 - 32) + 20 - (-10 + 3 - -1)
8
-6 - 0 - (1 + (-3 - 0) - -2)
-6
Evaluate -6 - ((-20 - -13) + 9).
-8
Calculate -10 + 0 + (-4 + 23 - -5).
14
What is the value of 4 + 4 + (2 - -3) - 1?
12
Evaluate 115 - 112 - ((-1 - 10) + 3).
11
Evaluate -2 - -4 - 5 - (16 + -17) - -12.
10
(-85 + 46 + 31 - (-1 - -6)) + 2
-11
What is the value of -33 + 19 - -8 - (-2 + 1 + -12)?
7
-1 + 1 + 0 + 1257 + -1253
4
Evaluate 11 + -6 + (-84 - -72).
-7
Calculate -2 + 2 + (17 - 4) + -4.
9
Evaluate -6 + (19 - (-2 - -24)).
-9
Calculate -8 + (-1 + -1 + -10 - (-4 - 2)).
-14
Evaluate -2 - -2 - (12 - -8 - 12).
-8
Calculate 1 + 0 + -116 + 128.
13
Evaluate (-17 + 22 - 14) + 10 + (0 - 12).
-11
Calculate 0 + 3 - (-633 - -610).
26
Calculate 26 + (3 - -6) + -25.
10
Calculate -120 - -131 - (-13 - 2).
26
(-70 - (-82 - 19)) + 2 + -14
19
Calculate (-4 - (-7 - -3)) + (-30 - -37).
7
Evaluate 1 + 2 - (-134 + 157).
-20
Calculate (23 + -4 - 27) + -5.
-13
Calculate -13 + 18 + (-1 - 2) - (-18 - -2).
18
What is (-1 - -12) + (-246 - -239) - -10?
14
What is (-7 - -7) + 10 + -5 - (2 - -1)?
2
Calculate 25 - 22 - (-1 - -1 - 2 - 2).
7
(0 - -7) + -17 + (7 - -2) + 14
13
-17 + (-20 - (14 - 8)) + 12
-31
Evaluate -2 + (-20 - (-14 - -1)).
-9
What is -8 + (0 + 2 - (-5 + -5 + 5))?
-1
What is the value of (4 - (-36 - -31)) + -34?
-25
6 + -8 + -3 + 0 + 7 - -6
8
-4 - (-57 + 59 - (3 - -3))
0
What is (-33 - -20) + (26 - (-5 - -7))?
11
-1 + 0 + -148 + 138
-11
What is -7 + 5 + 1 + 2?
1
(-335 - -333) + (1 + -2 + 2 - -34)
33
(-104 - -94) + 3 + 0 + 2 + 2
-3
Evaluate 5 - (-18 - 2 - -27 - (1 + -6)).
-7
What is 45 - 72 - (-16 + 2)?
-13
Calculate -2 + -6 + -5 + 1 + 11 + 23.
22
0 + -10 + (13 - -1) - 21
-17
Calculate 5 - (21 + 4 - 14).
-6
What is (8 - 1 - 0) + 6 + -7 - 3?
3
What is the value of 5 + -36 - (-4 + 4 + -2 + -7)?
-22
Calculate -8 + (0 - -1) - (272 + -269).
-10
Evaluate 9 + -17 + -15 - -23 - (2 + -34).
32
Calculate 3 - (3 - -2) - (-19 - (-30 - -7)).
-6
Calculate (18 - 10) + (-2 - -3) + -6 + 1.
4
Evaluate -1 + 41 + -48 + 44 + -12.
24
Evaluate (-260 - -284) + (1 - 12).
13
Calculate -5 + (43 - 26 - 25).
-13
(-4 - -15 - 9) + -21 + -2 - 5
-26
What is 10 + -5 - (2 + 2 + (-10 - 0))?
11
What is the value of -4 + (-21 - -43) + 3?
21
Evaluate (1 - (-1 - -1)) + 28 + (28 - 44).
13
What is 0 + -1 + (-8 - -7) - 4?
-6
What is -3 + (0 - -1) + 45 + -41?
2
What is the value of 10 + (-1 - 3) + (7 - 3 - 6)?
4
Evaluate 48 - (44 - (43 + -19)).
28
What is the value of -12 + (9 + 6 - 13)?
-10
42 + -12 - (16 + -10)
24
(-88 - -88 - (0 + 14)) + -25
-39
What is the value of -5 + -3 - (19 + -12 - 3)?
-12
What is (-3 - -12) + (10 - 10)?
9
Evaluate 0 - -8 - (1 - ((3 - 2) + 1)).
9
Evaluate -18 + (36 - 49) - (-11 + -1).
-19
Evaluate (142 - 118) + -2 + 1 + -5.
18
What is (2 - (-2 - 1 - 5)) + 151 + -148?
13
Calculate 45 + -45 + 2 + 0.
2
Evaluate (1 - 4 - (-86 - -90)) + 1.
-6
Calculate 20 + (2 - (-3 - (-9 - (-5 - -1)))).
20
What is the value of 15 + -13 - ((-1 - -5) + 3)?
-5
(9 - -36) + -44 + -29
-28
(92 - 52) + -3 - (10 - 1)
28
What is -13 + (9 + -1 - (-9 + 9)) + -5?
-10
-12 + 3 + 5 + -4 - -4
-4
What is the value of -1 - (7 + (-7 - (-1 + 5)))?
3
What is 2 - 18 - (4 - (6 + -8 - -3))?
-19
What is 7 + -23 - -28 - 24?
-12
Evaluate -11 + (-8 - 1 - -17) + 8.
5
What is the value of (42 - 121 - -33) + (-1 - -17)?
-30
1 - 41 - (-22 - -8)
-26
Evaluate -1 + 19 + ((0 - -17) + -16 - -1).
20
Calculate 11 + (-14 - (-7 - -3)) - -2.
3
What is -1 + 0 - ((-29 - -40) + (-16 - -1))?
3
Evaluate -5 + (-4 - -9) + -21.
-21
Calculate -3 + -31 + 53 + -22.
-3
-2 + 10 + -5 + 3 + -17 + 4
-7
What is 11 - (10 + -17 + -11) - 9?
20
Calculate 20 + -22 + -5 + 0 + 3 + 1.
-3
Evaluate -4 + (5 - 3 - 5 - -5 - -14).
12
-5 - -2 - (110 + -119)
6
Calculate 17 - ((-4 - 12) + 14).
19
What is -2 - -14 - (7 + -14) - 7?
12
Evaluate 49 + -26 + -25 - (2 - 2 - 11).
9
Calculate -6 + 4 + (2 - 1) + 6 + -2.
3
Evaluate -2 - -9 - (0 + 7 - (12 - 16)).
-4
Calculate 13 + (-19 - (10 + -10 - 10)).
4
What is -19 + 21 - (-1 - (3 + -10))?
-4
What is 17 + -63 + (-3 - (-12 - 6))?
-31
Calculate -5 + 1 + 23 + (-17 - 3).
-1
-19 + (-14 - -2 - -17) + -4
-18
What is the value of -1 + -3 + -2 + -67 + 68?
-5
Evaluate -26 - (4 + (-5 - -10) - 21).
-14
What is 15 - (21 + -10 + -6)?
10
What is 21 + 4 + -15 + 0 - 31?
-21
Evaluate 18 + 5 + (2 - (-2 + 6) - 7).
14
Evaluate 8 + -1 + (2 - (63 + -31)) + 26.
3
What is -1 + -5 + (-15 - (8 + -6))?
-23
Calculate -5 + 8 + -12 + 9 - -6.
6
2 + 5 + -23 + 7 - 2
-11
(-119 - -114) + (-2 - -4 - (3 + 1))
-7
What is 25 + 0 - ((-3 - 42) + 50)?
20
Evaluate 16 + -4 + -1 + -23.
-12
What is -11 + (92 + -97 - (-48 - -1)) + -11?
20
Evaluate 0 - -10 - 1 - 8 - -17.
18
Calculate 5 - -9 - 16 - (-12 - -4) - 1.
5
What is the value of -23 + 0 + 2 - (-2 - 0)?
-19
Evaluate (-7 - -21) + -28 + 34 - (1 + 6).
13
1 + -1 + (835 - 820)
15
What is -10 + 5 + (-35 - -54)?
14
Calculate -5 - (-13 - (0 - 27)) - -1.
-18
Calculate (-31 - -2 - -64) + -65.
-30
8 + -2 + -3 + 1 + 4 - -2
10
Evaluate -18 - (-15 - 18) - 37.
-22
Evaluate -3 + (-17 + 12 - -31).
23
-19 + 3 - (15 - 7)
-24
-1 + -5 + (-49 - -58) + -6
-3
-19 - (-16 + (0 - (-8 + 0)))
-11
What is (-11 - (-4 - -6)) + -7 - -45?
25
What is the value of 10 + ((-11 - -18) + -3 - (1 - 